mmon divisor of 14873 and 10177441.
139
What is the greatest common factor of 27033754 and 1628?
814
Calculate the greatest common divisor of 45898464 and 16.
16
Calculate the highest common divisor of 534437 and 168647.
137
What is the highest common factor of 30230544 and 96?
48
Calculate the greatest common factor of 342 and 16526178.
18
What is the greatest common divisor of 16 and 2438903168?
16
What is the highest common divisor of 111047 and 14023?
379
What is the highest common factor of 99 and 714956?
11
Calculate the highest common divisor of 7622 and 1066414.
74
Calculate the greatest common divisor of 44574518 and 188.
94
Calculate the greatest common divisor of 332760 and 10686.
6
Calculate the highest common factor of 155044 and 805108.
1868
What is the highest common factor of 1287466 and 13298854?
7442
What is the greatest common divisor of 8010 and 302310?
90
What is the greatest common factor of 501381174 and 1239?
1239
Calculate the greatest common factor of 9260655 and 247353.
6033
What is the greatest common divisor of 84 and 1173543?
21
What is the highest common factor of 1638 and 36332751?
273
Calculate the highest common factor of 32878 and 375292.
34
What is the highest common divisor of 332100 and 370575?
2025
Calculate the highest common divisor of 27 and 119287.
1
Calculate the highest common divisor of 883340 and 23200.
580
Calculate the highest common factor of 4668 and 26088.
12
Calculate the greatest common factor of 26069938 and 76.
38
Calculate the greatest common factor of 36425 and 12483576.
1457
Calculate the highest common factor of 1639006176 and 12.
12
Calculate the highest common factor of 451635480 and 240.
120
What is the greatest common factor of 3935 and 16910269?
787
What is the greatest common factor of 1036 and 547328642?
518
Calculate the highest common divisor of 840 and 13873160.
280
Calculate the greatest common factor of 4 and 74397530.
2
What is the highest common divisor of 1483 and 36183717?
1483
Calculate the greatest common divisor of 391528 and 279912.
872
What is the greatest common divisor of 1963 and 2056522?
13
What is the highest common factor of 4301620 and 540?
20
What is the highest common factor of 74269875 and 690?
345
What is the highest common factor of 2110 and 374400932?
422
What is the greatest common divisor of 18008 and 18?
2
What is the highest common factor of 47672 and 139577657?
5959
Calculate the highest common factor of 261 and 10758681.
261
Calculate the greatest common factor of 4508 and 95297188.
644
What is the greatest common divisor of 30125930 and 30?
10
What is the greatest common divisor of 434 and 13136963?
217
Calculate the greatest common divisor of 8 and 2796016.
8
Calculate the greatest common factor of 872609569 and 501.
167
Calculate the greatest common divisor of 547365 and 450.
15
What is the greatest common divisor of 498 and 32544?
6
Calculate the highest common factor of 84214 and 186844954.
6478
Calculate the greatest common divisor of 30598428 and 28.
28
What is the highest common factor of 17670 and 538650?
570
Calculate the highest common divisor of 421385 and 61.
1
Calculate the greatest common factor of 4502354 and 3706.
218
Calculate the highest common divisor of 110889 and 8304687.
2997
What is the highest common divisor of 15054 and 1890590?
26
What is the highest common divisor of 89758088 and 10?
2
Calculate the highest common factor of 539364 and 576.
12
What is the highest common factor of 9639 and 1657551?
357
What is the highest common factor of 12505 and 125355?
305
Calculate the highest common divisor of 3718 and 18572411.
143
What is the highest common factor of 87715 and 2915?
265
Calculate the highest common divisor of 7875 and 24583125.
2625
Calculate the greatest common factor of 16856 and 21172312.
392
What is the highest common factor of 66 and 131504142?
66
What is the greatest common divisor of 37297 and 1222949?
1963
Calculate the greatest common divisor of 3558128 and 1008.
112
Calculate the highest common factor of 1575 and 118191675.
525
Calculate the greatest common divisor of 186955757 and 1411.
83
What is the greatest common factor of 46 and 19007959?
23
Calculate the highest common factor of 572085410 and 235.
235
Calculate the greatest common divisor of 2144 and 6587440.
1072
What is the greatest common divisor of 28749 and 888720?
21
Calculate the highest common factor of 6 and 193885438.
2
What is the greatest common factor of 26650 and 372?
2
What is the greatest common divisor of 1632 and 622965?
51
What is the highest common factor of 1496008 and 48?
8
Calculate the greatest common factor of 614529 and 18.
9
Calculate the greatest common factor of 834592 and 183392.
352
Calculate the highest common divisor of 194464 and 3274618.
118
Calculate the highest common divisor of 747086 and 345.
23
Calculate the greatest common divisor of 299198 and 1019542.
1418
Calculate the highest common factor of 709648 and 1458431.
2609
Calculate the greatest common divisor of 10965 and 61215.
15
Calculate the highest common divisor of 51472995 and 1995.
1995
What is the greatest common factor of 7192 and 3939353272?
7192
Calculate the greatest common factor of 445 and 3899713.
89
What is the highest common divisor of 44 and 622754?
22
What is the greatest common divisor of 34668315 and 726?
363
Calculate the highest common divisor of 35117567 and 19.
19
Calculate the highest common factor of 73 and 53763113.
73
What is the highest common divisor of 5585280 and 213888?
384
What is the highest common factor of 31170 and 894?
6
Calculate the highest common divisor of 4279336 and 103916.
1252
Calculate the greatest common divisor of 35817 and 768.
3
What is the greatest common factor of 20022 and 178318?
94
What is the greatest common factor of 25149 and 10471114?
83
What is the greatest common factor of 12803193 and 2665?
533
What is the greatest common divisor of 8241 and 533451?
123
Calculate the highest common factor of 10289370 and 130.
130
Calculate the highest common divisor of 8341 and 7961.
19
Calculate the highest common factor of 1168021 and 11999.
71
What is the greatest common factor of 10971 and 12458763?
477
Calculate the highest common divisor of 642292 and 3821069.
1421
Calculate the highest common divisor of 459 and 19084812.
51
Calculate the highest common factor of 565 and 27095.
5
What is the highest common divisor of 304417296 and 48?
48
Calculate the greatest common factor of 832535 and 10912.
11
What is the highest common factor of 755 and 168214?
151
Calculate the greatest common divisor of 1844894 and 4944791.
3959
What is the greatest common divisor of 1708 and 157206272?
244
Calculate the greatest common factor of 1050450 and 2850.
150
What is the highest common factor of 11860 and 265898828?
2372
What is the highest common divisor of 13240 and 5045764?
1324
What is the greatest common divisor of 6 and 247967?
1
What is the highest common factor of 259 and 538426?
7
Calculate the greatest common divisor of 28281018 and 16260.
1626
Calculate the greatest common factor of 87 and 7164914.
29
What is the greatest common factor of 427200 and 66928?
1424
Calculate the highest common divisor of 4515 and 285033.
21
Calculate the highest common divisor of 513 and 447550947.
513
What is the greatest common factor of 263 and 1805808233?
263
What is the highest common factor of 113587 and 18333?
97
Calculate the greatest common factor of 325332 and 14164.
4
Calculate the highest common factor of 1251727 and 116.
29
What is the highest common factor of 35 and 15311555?
35
Calculate the highest common factor of 5197867 and 445.
89
Calculate the highest common factor of 185128262 and 3058.
3058
What is the greatest common divisor of 2548 and 117443053?
637
What is the highest common divisor of 59 and 74495347?
59
Calculate the highest common divisor of 236817 and 14609.
7
What is the greatest common factor of 5032469 and 598?
299
Calculate the highest common factor of 14938 and 290139707.
1067
What is the highest common divisor of 27475 and 115607735?
785
Calculate the greatest common factor of 864 and 96660972.
108
What is the highest common factor of 90 and 6343938?
18
Calculate the highest common factor